. Calculate the greatest common factor of j and 222.
74
Suppose -4*s - 41 = -4*p + 75, -4*s + 84 = 4*p. What is the highest common divisor of p and 1035?
5
Suppose 0 = -c + 18 - 4. Suppose 0 = -c*g + 16*g - 902. Calculate the highest common divisor of g and 11.
11
Suppose 34*d - 4288 = 2002. Calculate the greatest common factor of d and 851.
37
Suppose -6*d - 247 - 11 = 0. Let o = d - -71. Calculate the greatest common divisor of o and 112.
28
Suppose 455 = 1195*m - 1182*m. What is the greatest common factor of m and 6265?
35
Suppose z + 3*r - 117 = 0, 2*z - 3*z = -5*r - 93. Suppose -91*y - 6768 = -185*y. What is the highest common factor of z and y?
36
Let z be (-47)/(-4) + -1 - 34/(-136). Suppose 2*j - z*j = -1881. What is the greatest common factor of 55 and j?
11
Suppose 20 = 10*o - 14*o, 2*a - o = 93. Calculate the highest common factor of a and 121.
11
Suppose 14274*c = 14201*c + 7008. Let a(g) be the first derivative of 71*g**2/2 + 2*g - 2. Let z be a(2). Calculate the highest common factor of z and c.
48
Let s be (-6)/(-4) - (-5 - (-25)/10). Let q = 5 - 5. Suppose 5*f - 8*f + 108 = q. Calculate the greatest common factor of s and f.
4
Let m = -2 - -10. Let s(o) = 126*o**2 + 22*o + 21. Let q be s(-1). Let u = 129 - q. Calculate the highest common factor of u and m.
4
Let p be (-6040)/(-96) - 7/(-4*21). What is the highest common factor of p and 198?
9
Suppose 3*q + 2*m = 140, -4*m + 1 + 3 = 0. Calculate the highest common divisor of 46 and q.
46
Let w = 22316 + -22306. What is the highest common factor of 205 and w?
5
Let t(l) = -l**2 + 27*l + 2. Suppose -2*q - 13 = -c, 4*c - 7*q = -4*q + 57. Let u be t(c). Calculate the greatest common factor of 26 and u.
26
Let q(k) = 20*k**2 - 51*k + 1. Let c be q(3). Suppose 0 = -11*w + 10*w + 18. Let f be (-4)/w - (-128)/9. Calculate the highest common divisor of c and f.
14
Let i = -14 - -11. Let h = i - -9. Let o be 1 - -33 - (-3 + 5 - -2). Calculate the highest common divisor of h and o.
6
Suppose 0 = -4*y + 5*d + 191000, 4*y + 4618*d = 4617*d + 190952. Calculate the highest common divisor of 20 and y.
20
Let r = 3818 - -514. What is the highest common factor of 36 and r?
12
Let q be (4 + -188)*(-1 + 4/8). Suppose -4*p + 83 = -s, -3*p + 7*p - q = 4*s. Calculate the greatest common factor of 35 and p.
5
Let t be ((-9)/(-15) - 14/(-10))*(13 + 3). What is the highest common divisor of 5904 and t?
16
Suppose 0 = 8*v + 4*v + 621 - 4749. Suppose -5*z + 5*d + 36 = 16, 4*d - 16 = 0. What is the highest common factor of v and z?
8
Let l be (20/3 + 1)/((-28)/(-336)*4). What is the greatest common divisor of l and 69?
23
Suppose -14 = -f + 3*j, -j = -2*f - 0*j + 13. Suppose -725 = -f*g + 5*p, -g + 83*p - 84*p = -135. What is the highest common divisor of 630 and g?
70
Suppose a + 2*k + 177 = 2*a, -5*a - k + 874 = 0. Let b be a/(-42)*(-8)/(-10)*-12. Calculate the highest common factor of 200 and b.
40
Let z(q) = q**2 + 8*q - 4512. Let m be z(-75). Calculate the highest common divisor of m and 837.
27
Let d(o) = 3*o**2 + 169*o + 1486. Let r be d(-46). What is the highest common divisor of 485 and r?
5
Let d(i) = 45*i**2 - 50*i + 125. Let f be d(3). Calculate the highest common factor of 988 and f.
76
Let q = -128 + 75. Let j = 77 + q. Calculate the greatest common divisor of j and 30.
6
Suppose 0 = 2*o - 4*g - 616, 2*g = 13*o - 11*o - 620. Let q be 9/(-12)*26*o/(-18). What is the highest common factor of q and 52?
26
Let b(w) = 16*w - 17. Let j be b(5). Let a be (263 + -258 - (-1 + (-42)/(-8)))*36. What is the highest common divisor of j and a?
9
Let h be 60 + ((-198)/18 - 7). What is the highest common divisor of 6496 and h?
14
Suppose -12*o + 3*o + 2952 = 0. Let p(q) = q**3 + 11*q**2 + 10*q + 41. Let v be p(-10). What is the greatest common factor of o and v?
41
Suppose -12059 = -126*u + 16669. What is the highest common factor of u and 17898?
114
Let b(p) be the first derivative of p**2/2 + 3*p + 3. Let m be b(-1). Suppose -3*z = 2*y - 50, -y = -0*y + m. What is the highest common divisor of z and 27?
9
Let x = -50 - 53. Let d = x + 106. Calculate the highest common divisor of d and 3.
3
Let v be (-8)/(-6)*24/2. Suppose 3*t - 432 = -0*t. Let d = t - 80. Calculate the highest common factor of d and v.
16
Suppose 103*l - 44*l - 10741 = -2127. Calculate the greatest common factor of l and 3431.
73
Let m(o) = -86*o + 134. Let y be m(4). Let t be 1/3 + y/(-18). What is the greatest common divisor of t and 84?
12
Let m = -4190 + 4196. What is the greatest common factor of m and 62?
2
Suppose 49*t - 311 = 375. What is the highest common divisor of 1141 and t?
7
Suppose 33 = 2*l - 31. Let v(t) = 67*t - 73. Let u be v(3). What is the highest common factor of u and l?
32
Let p(z) = 1860*z**2 - 8*z + 4. Let a be p(1). Calculate the greatest common divisor of 29 and a.
29
Let v be 50/45*3/5*135. Calculate the greatest common divisor of 306 and v.
18
Let y = -9002 + 9281. Let c = -183 - -369. Calculate the highest common divisor of y and c.
93
Let h(k) = k**3 + 7*k**2 - 35*k - 14. Let j be h(-10). Calculate the highest common factor of j and 20.
4
Let j(d) = d**3 - 10*d**2 - 11*d - 12. Let t be j(11). Let v be 3*(-3)/t*(-48)/(-1). Calculate the highest common divisor of 81 and v.
9
Suppose 4*b = -7*b + 264. Suppose 19*v + 95 = b*v. What is the greatest common factor of 114 and v?
19
Let r = 29 + 15. Let n be (-27 - -24) + r + 0. What is the highest common divisor of 82 and n?
41
Suppose 380*f + 30528 = 452*f. Calculate the highest common divisor of f and 2279.
53
Let g(d) = -d**3 + 2*d**2 + 9*d + 5782. Let j be g(0). Calculate the highest common divisor of 118 and j.
118
Let u = 76 - 43. Let m be (-1795)/2513 - 467/(-7). Calculate the highest common factor of u and m.
33
Let j be ((-4)/(-6))/(2/168). Suppose i = 8*i + j. Let o = i - -25. Calculate the highest common factor of o and 119.
17
Let i be 10/30*(-42)/(-1). Let y(r) = -2*r**3 + 2*r**2 - 18. Let x be y(0). Let o = 22 + x. Calculate the greatest common factor of o and i.
2
Suppose 0 = 4*m - n - 581, -175*m - 159 = -176*m + 3*n. Calculate the greatest common divisor of 32 and m.
16
Let f be (-20)/(-4) + 4 + -5. Suppose -2*c - 2*o = -68, -f*c = 5*o - 9 - 126. Calculate the greatest common factor of c and 70.
35
Suppose 2*f = 2, -4*q - 61 + 98 = 5*f. What is the highest common divisor of 54 and q?
2
Let m = -80 + 85. Suppose 0*i + 30 = 5*x + 5*i, 21 = m*x + 2*i. Let h be x - ((-1)/(-4) - (-829)/(-4)). What is the greatest common factor of 84 and h?
42
Suppose 2*t + 2*p - 184 = 0, -3*p - 68 - 232 = -3*t. Calculate the highest common divisor of 3144 and t.
24
Let t be (3/(12/322))/((-50)/(-100)). Calculate the greatest common factor of 46 and t.
23
Let t = 3625 - 3393. What is the greatest common factor of 7308 and t?
116
Let r(l) = -8*l. Let h be r(-22). Let y(j) = -149*j - 1457. Let g be y(-10). What is the highest common divisor of h and g?
11
Let a = -37 - -33. Let t be (-2 + 59)/(1 - 4 - a). Suppose -3*j + 69 = 2*f + 20, 4*j = 5*f + 96. What is the highest common divisor of t and j?
19
Let c be ((-2)/(-12) + (285/(-18))/(-19))*7. What is the greatest common factor of 1386 and c?
7
Let p(t) = -18*t**3 - 6*t**2 - 9*t + 9. Let r be p(-7). What is the highest common factor of 12 and r?
12
Suppose 6744 = 30*y - 7369 - 10007. What is the highest common divisor of y and 24?
12
Let o be (2964/42 - -17) + 3/7. Let n(j) = 2*j**3 - 3*j**2 - 5*j + 1. Let q be n(4). Let d = 94 - q. What is the greatest common factor of d and o?
11
Let n be 185/(-111) - (3 - (-3116)/(-3)). Let r be 1/4 - 609/(-28). What is the highest common divisor of n and r?
22
Let j be (16/(-12))/(1/(-39)). Suppose 6*m - 2*m + 4*d = 76, 4*m - 4*d - j = 0. Calculate the greatest common divisor of m and 64.
16
Suppose 2*n = 3*d - 13, -2*d + 7 - 2 = -5*n. Suppose 11*t - 6*t - 2*s = 283, -5*t = d*s - 255. What is the highest common factor of t and 10?
5
Suppose 1262 = v + 5*d, -206*d - 5003 = -4*v - 211*d. What is the highest common divisor of 731 and v?
43
Suppose -x - 188 = -683. Let t be x/(-4) - 1/24*6. Let b be t/(-14) + 10/70. What is the greatest common factor of b and 18?
9
Let y = -6133 - -6808. Calculate the greatest common divisor of y and 378.
27
Suppose 8*w - 408 = 4*w. Let g be (-27)/18 - 